{"id":3514,"date":"2025-09-13T23:32:50","date_gmt":"2025-09-13T21:32:50","guid":{"rendered":"http:\/\/szekacske.hu\/new\/?page_id=3514"},"modified":"2025-10-15T15:22:25","modified_gmt":"2025-10-15T13:22:25","slug":"nbii-2025-2026","status":"publish","type":"page","link":"https:\/\/szekacske.hu\/new\/csapatok\/nbii-2025-2026\/","title":{"rendered":"F\u00e9rfi NBII \u2013 2025\/2026"},"content":{"rendered":"<div class=\"sportspress\"><h4 class=\"sp-table-caption\">NBII - 2025\/2026<\/h4><div class=\"sp-template sp-template-player-list\"><div class=\"sp-table-wrapper\"><table class=\"sp-player-list sp-data-table sp-responsive-table playerlist_69f067f758051 sp-paginated-table\" data-sp-rows=\"21\"><thead><tr><th class=\"data-name\">J\u00e1t\u00e9kos<\/th><th class=\"data-goals\">G\u00d3L<\/th><th class=\"data-appearances\">M<\/th><\/tr><\/thead><tbody><tr class=\"odd\"><td class=\"data-name\" data-label=\"J\u00e1t\u00e9kos\"><a href=\"https:\/\/szekacske.hu\/new\/player\/pasztor-akos\/\">P\u00e1sztor \u00c1kos<\/a><\/td><td class=\"data-goals\" data-label=\"G\u00d3L\">148<\/td><td class=\"data-appearances\" data-label=\"M\">14<\/td><\/tr><tr class=\"even\"><td class=\"data-name\" data-label=\"J\u00e1t\u00e9kos\"><a href=\"https:\/\/szekacske.hu\/new\/player\/farkas-bence\/\">Farkas Bence<\/a><\/td><td class=\"data-goals\" data-label=\"G\u00d3L\">77<\/td><td class=\"data-appearances\" data-label=\"M\">14<\/td><\/tr><tr class=\"odd\"><td class=\"data-name\" data-label=\"J\u00e1t\u00e9kos\"><a href=\"https:\/\/szekacske.hu\/new\/player\/csollar-adam\/\">Csoll\u00e1r \u00c1d\u00e1m<\/a><\/td><td class=\"data-goals\" data-label=\"G\u00d3L\">64<\/td><td class=\"data-appearances\" data-label=\"M\">11<\/td><\/tr><tr class=\"even\"><td class=\"data-name\" data-label=\"J\u00e1t\u00e9kos\"><a href=\"https:\/\/szekacske.hu\/new\/player\/gonczi-andras\/\">G\u00f6nczi Andr\u00e1s<\/a><\/td><td class=\"data-goals\" data-label=\"G\u00d3L\">37<\/td><td class=\"data-appearances\" data-label=\"M\">9<\/td><\/tr><tr class=\"odd\"><td class=\"data-name\" data-label=\"J\u00e1t\u00e9kos\"><a href=\"https:\/\/szekacske.hu\/new\/player\/teleki-levente\/\">Teleki Levente<\/a><\/td><td class=\"data-goals\" data-label=\"G\u00d3L\">28<\/td><td class=\"data-appearances\" data-label=\"M\">6<\/td><\/tr><tr class=\"even\"><td class=\"data-name\" data-label=\"J\u00e1t\u00e9kos\"><a href=\"https:\/\/szekacske.hu\/new\/player\/zsigmond-gergely\/\">Zsigmond Gergely<\/a><\/td><td class=\"data-goals\" data-label=\"G\u00d3L\">21<\/td><td class=\"data-appearances\" data-label=\"M\">14<\/td><\/tr><tr class=\"odd\"><td class=\"data-name\" data-label=\"J\u00e1t\u00e9kos\"><a href=\"https:\/\/szekacske.hu\/new\/player\/csanadi-valter\/\">Csan\u00e1di Valter<\/a><\/td><td class=\"data-goals\" data-label=\"G\u00d3L\">19<\/td><td class=\"data-appearances\" data-label=\"M\">12<\/td><\/tr><tr class=\"even\"><td class=\"data-name\" data-label=\"J\u00e1t\u00e9kos\"><a href=\"https:\/\/szekacske.hu\/new\/player\/nyeso-peter\/\">Nyes\u0151 P\u00e9ter<\/a><\/td><td class=\"data-goals\" data-label=\"G\u00d3L\">18<\/td><td class=\"data-appearances\" data-label=\"M\">10<\/td><\/tr><tr class=\"odd\"><td class=\"data-name\" data-label=\"J\u00e1t\u00e9kos\"><a href=\"https:\/\/szekacske.hu\/new\/player\/ruzsanyi-kornel-aron\/\">Ruzs\u00e1nyi Korn\u00e9l \u00c1ron<\/a><\/td><td class=\"data-goals\" data-label=\"G\u00d3L\">14<\/td><td class=\"data-appearances\" data-label=\"M\">9<\/td><\/tr><tr class=\"even\"><td class=\"data-name\" data-label=\"J\u00e1t\u00e9kos\"><a href=\"https:\/\/szekacske.hu\/new\/player\/kovacs-imre\/\">Kov\u00e1cs Imre<\/a><\/td><td class=\"data-goals\" data-label=\"G\u00d3L\">13<\/td><td class=\"data-appearances\" data-label=\"M\">13<\/td><\/tr><tr class=\"odd\"><td class=\"data-name\" data-label=\"J\u00e1t\u00e9kos\"><a href=\"https:\/\/szekacske.hu\/new\/player\/pasztor-gergo\/\">P\u00e1sztor Gerg\u0151<\/a><\/td><td class=\"data-goals\" data-label=\"G\u00d3L\">6<\/td><td class=\"data-appearances\" data-label=\"M\">9<\/td><\/tr><tr class=\"even\"><td class=\"data-name\" data-label=\"J\u00e1t\u00e9kos\"><a href=\"https:\/\/szekacske.hu\/new\/player\/dome-szabolcs\/\">D\u00f6me Szabolcs<\/a><\/td><td class=\"data-goals\" data-label=\"G\u00d3L\">5<\/td><td class=\"data-appearances\" data-label=\"M\">4<\/td><\/tr><tr class=\"odd\"><td class=\"data-name\" data-label=\"J\u00e1t\u00e9kos\"><a href=\"https:\/\/szekacske.hu\/new\/player\/berta-balazs\/\">Berta Bal\u00e1zs<\/a><\/td><td class=\"data-goals\" data-label=\"G\u00d3L\">5<\/td><td class=\"data-appearances\" data-label=\"M\">7<\/td><\/tr><tr class=\"even\"><td class=\"data-name\" data-label=\"J\u00e1t\u00e9kos\"><a href=\"https:\/\/szekacske.hu\/new\/player\/szabo-adam\/\">Szab\u00f3 \u00c1d\u00e1m<\/a><\/td><td class=\"data-goals\" data-label=\"G\u00d3L\">3<\/td><td class=\"data-appearances\" data-label=\"M\">10<\/td><\/tr><tr class=\"odd\"><td class=\"data-name\" data-label=\"J\u00e1t\u00e9kos\"><a href=\"https:\/\/szekacske.hu\/new\/player\/subicz-attila\/\">Subicz Attila<\/a><\/td><td class=\"data-goals\" data-label=\"G\u00d3L\">1<\/td><td class=\"data-appearances\" data-label=\"M\">14<\/td><\/tr><tr class=\"even\"><td class=\"data-name\" data-label=\"J\u00e1t\u00e9kos\"><a href=\"https:\/\/szekacske.hu\/new\/player\/sipos-mihaly-attila-2\/\">Sipos Mih\u00e1ly Attila<\/a><\/td><td class=\"data-goals\" data-label=\"G\u00d3L\">1<\/td><td class=\"data-appearances\" data-label=\"M\">7<\/td><\/tr><tr class=\"odd\"><td class=\"data-name\" data-label=\"J\u00e1t\u00e9kos\"><a href=\"https:\/\/szekacske.hu\/new\/player\/rizinger-andras\/\">Rizinger Andr\u00e1s<\/a><\/td><td class=\"data-goals\" data-label=\"G\u00d3L\">0<\/td><td class=\"data-appearances\" data-label=\"M\">14<\/td><\/tr><tr class=\"even\"><td class=\"data-name\" data-label=\"J\u00e1t\u00e9kos\"><a href=\"https:\/\/szekacske.hu\/new\/player\/orosz-martin\/\">Orosz Martin<\/a><\/td><td class=\"data-goals\" data-label=\"G\u00d3L\">0<\/td><td class=\"data-appearances\" data-label=\"M\">1<\/td><\/tr><tr class=\"odd\"><td class=\"data-name\" data-label=\"J\u00e1t\u00e9kos\"><a href=\"https:\/\/szekacske.hu\/new\/player\/schmidt-laszlo-zsolt\/\">Schmidt L\u00e1szl\u00f3 Zsolt<\/a><\/td><td class=\"data-goals\" data-label=\"G\u00d3L\">0<\/td><td class=\"data-appearances\" data-label=\"M\">1<\/td><\/tr><\/tbody><\/table><\/div><\/div><\/div>\n","protected":false},"excerpt":{"rendered":"","protected":false},"author":3,"featured_media":0,"parent":135,"menu_order":0,"comment_status":"closed","ping_status":"closed","template":"","meta":{"footnotes":""},"class_list":["post-3514","page","type-page","status-publish","hentry"],"yoast_head":"<!-- This site is optimized with the Yoast SEO plugin v27.4 - https:\/\/yoast.com\/product\/yoast-seo-wordpress\/ -->\n<title>F\u00e9rfi NBII \u2013 2025\/2026 - Sz\u00e9k\u00e1cs KE<\/title>\n<meta name=\"robots\" content=\"index, follow, max-snippet:-1, max-image-preview:large, max-video-preview:-1\" \/>\n<link rel=\"canonical\" href=\"https:\/\/szekacske.hu\/new\/csapatok\/nbii-2025-2026\/\" \/>\n<meta property=\"og:locale\" content=\"hu_HU\" \/>\n<meta property=\"og:type\" content=\"article\" \/>\n<meta property=\"og:title\" content=\"F\u00e9rfi NBII \u2013 2025\/2026 - Sz\u00e9k\u00e1cs KE\" \/>\n<meta property=\"og:url\" content=\"https:\/\/szekacske.hu\/new\/csapatok\/nbii-2025-2026\/\" \/>\n<meta property=\"og:site_name\" content=\"Sz\u00e9k\u00e1cs KE\" \/>\n<meta property=\"article:modified_time\" content=\"2025-10-15T13:22:25+00:00\" \/>\n<meta property=\"og:image\" content=\"https:\/\/szekacske.hu\/new\/wp-content\/uploads\/2019\/09\/cropped-szekacske.png\" \/>\n\t<meta property=\"og:image:width\" content=\"512\" \/>\n\t<meta property=\"og:image:height\" content=\"512\" \/>\n\t<meta property=\"og:image:type\" content=\"image\/png\" \/>\n<meta name=\"twitter:card\" content=\"summary_large_image\" \/>\n<meta name=\"twitter:label1\" content=\"Becs\u00fclt olvas\u00e1si id\u0151\" \/>\n\t<meta name=\"twitter:data1\" content=\"1 perc\" \/>\n<script type=\"application\/ld+json\" class=\"yoast-schema-graph\">{\"@context\":\"https:\\\/\\\/schema.org\",\"@graph\":[{\"@type\":\"WebPage\",\"@id\":\"https:\\\/\\\/szekacske.hu\\\/new\\\/csapatok\\\/nbii-2025-2026\\\/\",\"url\":\"https:\\\/\\\/szekacske.hu\\\/new\\\/csapatok\\\/nbii-2025-2026\\\/\",\"name\":\"F\u00e9rfi NBII \u2013 2025\\\/2026 - Sz\u00e9k\u00e1cs KE\",\"isPartOf\":{\"@id\":\"https:\\\/\\\/szekacske.hu\\\/new\\\/#website\"},\"datePublished\":\"2025-09-13T21:32:50+00:00\",\"dateModified\":\"2025-10-15T13:22:25+00:00\",\"breadcrumb\":{\"@id\":\"https:\\\/\\\/szekacske.hu\\\/new\\\/csapatok\\\/nbii-2025-2026\\\/#breadcrumb\"},\"inLanguage\":\"hu\",\"potentialAction\":[{\"@type\":\"ReadAction\",\"target\":[\"https:\\\/\\\/szekacske.hu\\\/new\\\/csapatok\\\/nbii-2025-2026\\\/\"]}]},{\"@type\":\"BreadcrumbList\",\"@id\":\"https:\\\/\\\/szekacske.hu\\\/new\\\/csapatok\\\/nbii-2025-2026\\\/#breadcrumb\",\"itemListElement\":[{\"@type\":\"ListItem\",\"position\":1,\"name\":\"Kezd\u0151lap\",\"item\":\"https:\\\/\\\/szekacske.hu\\\/new\\\/\"},{\"@type\":\"ListItem\",\"position\":2,\"name\":\"Csapatok\",\"item\":\"https:\\\/\\\/szekacske.hu\\\/new\\\/csapatok\\\/\"},{\"@type\":\"ListItem\",\"position\":3,\"name\":\"F\u00e9rfi NBII \u2013 2025\\\/2026\"}]},{\"@type\":\"WebSite\",\"@id\":\"https:\\\/\\\/szekacske.hu\\\/new\\\/#website\",\"url\":\"https:\\\/\\\/szekacske.hu\\\/new\\\/\",\"name\":\"Sz\u00e9k\u00e1cs KE\",\"description\":\"T\u00f6r\u00f6kszentmikl\u00f3si Sz\u00e9k\u00e1cs KE hivatalos honlapja\",\"potentialAction\":[{\"@type\":\"SearchAction\",\"target\":{\"@type\":\"EntryPoint\",\"urlTemplate\":\"https:\\\/\\\/szekacske.hu\\\/new\\\/?s={search_term_string}\"},\"query-input\":{\"@type\":\"PropertyValueSpecification\",\"valueRequired\":true,\"valueName\":\"search_term_string\"}}],\"inLanguage\":\"hu\"}]}<\/script>\n<!-- \/ Yoast SEO plugin. -->","yoast_head_json":{"title":"F\u00e9rfi NBII \u2013 2025\/2026 - Sz\u00e9k\u00e1cs KE","robots":{"index":"index","follow":"follow","max-snippet":"max-snippet:-1","max-image-preview":"max-image-preview:large","max-video-preview":"max-video-preview:-1"},"canonical":"https:\/\/szekacske.hu\/new\/csapatok\/nbii-2025-2026\/","og_locale":"hu_HU","og_type":"article","og_title":"F\u00e9rfi NBII \u2013 2025\/2026 - Sz\u00e9k\u00e1cs KE","og_url":"https:\/\/szekacske.hu\/new\/csapatok\/nbii-2025-2026\/","og_site_name":"Sz\u00e9k\u00e1cs KE","article_modified_time":"2025-10-15T13:22:25+00:00","og_image":[{"width":512,"height":512,"url":"https:\/\/szekacske.hu\/new\/wp-content\/uploads\/2019\/09\/cropped-szekacske.png","type":"image\/png"}],"twitter_card":"summary_large_image","twitter_misc":{"Becs\u00fclt olvas\u00e1si id\u0151":"1 perc"},"schema":{"@context":"https:\/\/schema.org","@graph":[{"@type":"WebPage","@id":"https:\/\/szekacske.hu\/new\/csapatok\/nbii-2025-2026\/","url":"https:\/\/szekacske.hu\/new\/csapatok\/nbii-2025-2026\/","name":"F\u00e9rfi NBII \u2013 2025\/2026 - Sz\u00e9k\u00e1cs KE","isPartOf":{"@id":"https:\/\/szekacske.hu\/new\/#website"},"datePublished":"2025-09-13T21:32:50+00:00","dateModified":"2025-10-15T13:22:25+00:00","breadcrumb":{"@id":"https:\/\/szekacske.hu\/new\/csapatok\/nbii-2025-2026\/#breadcrumb"},"inLanguage":"hu","potentialAction":[{"@type":"ReadAction","target":["https:\/\/szekacske.hu\/new\/csapatok\/nbii-2025-2026\/"]}]},{"@type":"BreadcrumbList","@id":"https:\/\/szekacske.hu\/new\/csapatok\/nbii-2025-2026\/#breadcrumb","itemListElement":[{"@type":"ListItem","position":1,"name":"Kezd\u0151lap","item":"https:\/\/szekacske.hu\/new\/"},{"@type":"ListItem","position":2,"name":"Csapatok","item":"https:\/\/szekacske.hu\/new\/csapatok\/"},{"@type":"ListItem","position":3,"name":"F\u00e9rfi NBII \u2013 2025\/2026"}]},{"@type":"WebSite","@id":"https:\/\/szekacske.hu\/new\/#website","url":"https:\/\/szekacske.hu\/new\/","name":"Sz\u00e9k\u00e1cs KE","description":"T\u00f6r\u00f6kszentmikl\u00f3si Sz\u00e9k\u00e1cs KE hivatalos honlapja","potentialAction":[{"@type":"SearchAction","target":{"@type":"EntryPoint","urlTemplate":"https:\/\/szekacske.hu\/new\/?s={search_term_string}"},"query-input":{"@type":"PropertyValueSpecification","valueRequired":true,"valueName":"search_term_string"}}],"inLanguage":"hu"}]}},"_links":{"self":[{"href":"https:\/\/szekacske.hu\/new\/wp-json\/wp\/v2\/pages\/3514","targetHints":{"allow":["GET"]}}],"collection":[{"href":"https:\/\/szekacske.hu\/new\/wp-json\/wp\/v2\/pages"}],"about":[{"href":"https:\/\/szekacske.hu\/new\/wp-json\/wp\/v2\/types\/page"}],"author":[{"embeddable":true,"href":"https:\/\/szekacske.hu\/new\/wp-json\/wp\/v2\/users\/3"}],"replies":[{"embeddable":true,"href":"https:\/\/szekacske.hu\/new\/wp-json\/wp\/v2\/comments?post=3514"}],"version-history":[{"count":3,"href":"https:\/\/szekacske.hu\/new\/wp-json\/wp\/v2\/pages\/3514\/revisions"}],"predecessor-version":[{"id":3609,"href":"https:\/\/szekacske.hu\/new\/wp-json\/wp\/v2\/pages\/3514\/revisions\/3609"}],"up":[{"embeddable":true,"href":"https:\/\/szekacske.hu\/new\/wp-json\/wp\/v2\/pages\/135"}],"wp:attachment":[{"href":"https:\/\/szekacske.hu\/new\/wp-json\/wp\/v2\/media?parent=3514"}],"curies":[{"name":"wp","href":"https:\/\/api.w.org\/{rel}","templated":true}]}}