{"id":2943,"date":"2024-10-25T10:27:06","date_gmt":"2024-10-25T08:27:06","guid":{"rendered":"https:\/\/szekacske.hu\/new\/?page_id=2943"},"modified":"2024-11-01T16:47:34","modified_gmt":"2024-11-01T15:47:34","slug":"noi-varmegyei-i-2024-2025","status":"publish","type":"page","link":"http:\/\/szekacske.hu\/new\/csapatok\/noi-varmegyei-i-2024-2025\/","title":{"rendered":"N\u0151i V\u00e1rmegyei I. &#8211; 2024\/2025"},"content":{"rendered":"<div class=\"sportspress\"><h4 class=\"sp-table-caption\">N\u0151i V\u00e1rmegyei I. - 2024\/2025<\/h4><div class=\"sp-template sp-template-player-list\"><div class=\"sp-table-wrapper\"><table class=\"sp-player-list sp-data-table sp-responsive-table playerlist_69f5d4da4bb9d sp-paginated-table\" data-sp-rows=\"21\"><thead><tr><th class=\"data-name\">J\u00e1t\u00e9kos<\/th><th class=\"data-goals\">G\u00d3L<\/th><th class=\"data-appearances\">M<\/th><\/tr><\/thead><tbody><tr class=\"odd\"><td class=\"data-name\" data-label=\"J\u00e1t\u00e9kos\"><a href=\"http:\/\/szekacske.hu\/new\/player\/csor-anita\/\">Cs\u00f3r Anita<\/a><\/td><td class=\"data-goals\" data-label=\"G\u00d3L\">0<\/td><td class=\"data-appearances\" data-label=\"M\">12<\/td><\/tr><tr class=\"even\"><td class=\"data-name\" data-label=\"J\u00e1t\u00e9kos\"><a href=\"http:\/\/szekacske.hu\/new\/player\/fuzfa-annamaria\/\">F\u0171zfa Annam\u00e1ria<\/a><\/td><td class=\"data-goals\" data-label=\"G\u00d3L\">5<\/td><td class=\"data-appearances\" data-label=\"M\">7<\/td><\/tr><tr class=\"odd\"><td class=\"data-name\" data-label=\"J\u00e1t\u00e9kos\"><a href=\"http:\/\/szekacske.hu\/new\/player\/habok-bianka\/\">Hab\u00f3k Bianka<\/a><\/td><td class=\"data-goals\" data-label=\"G\u00d3L\">40<\/td><td class=\"data-appearances\" data-label=\"M\">12<\/td><\/tr><tr class=\"even\"><td class=\"data-name\" data-label=\"J\u00e1t\u00e9kos\"><a href=\"http:\/\/szekacske.hu\/new\/player\/hajdu-koszta-orsolya\/\">Hajd\u00fa-Koszta Orsolya<\/a><\/td><td class=\"data-goals\" data-label=\"G\u00d3L\">11<\/td><td class=\"data-appearances\" data-label=\"M\">12<\/td><\/tr><tr class=\"odd\"><td class=\"data-name\" data-label=\"J\u00e1t\u00e9kos\"><a href=\"http:\/\/szekacske.hu\/new\/player\/horvath-monika\/\">Horv\u00e1th M\u00f3nika<\/a><\/td><td class=\"data-goals\" data-label=\"G\u00d3L\">0<\/td><td class=\"data-appearances\" data-label=\"M\">12<\/td><\/tr><tr class=\"even\"><td class=\"data-name\" data-label=\"J\u00e1t\u00e9kos\"><a href=\"http:\/\/szekacske.hu\/new\/player\/hudune-bata-erika\/\">Hudun\u00e9 Bata Erika<\/a><\/td><td class=\"data-goals\" data-label=\"G\u00d3L\">1<\/td><td class=\"data-appearances\" data-label=\"M\">10<\/td><\/tr><tr class=\"odd\"><td class=\"data-name\" data-label=\"J\u00e1t\u00e9kos\"><a href=\"http:\/\/szekacske.hu\/new\/player\/kenyeres-regina\/\">Kenyeres Regina<\/a><\/td><td class=\"data-goals\" data-label=\"G\u00d3L\">17<\/td><td class=\"data-appearances\" data-label=\"M\">7<\/td><\/tr><tr class=\"even\"><td class=\"data-name\" data-label=\"J\u00e1t\u00e9kos\"><a href=\"http:\/\/szekacske.hu\/new\/player\/lipak-zsanett\/\">Lip\u00e1k Zsanett<\/a><\/td><td class=\"data-goals\" data-label=\"G\u00d3L\">60<\/td><td class=\"data-appearances\" data-label=\"M\">12<\/td><\/tr><tr class=\"odd\"><td class=\"data-name\" data-label=\"J\u00e1t\u00e9kos\"><a href=\"http:\/\/szekacske.hu\/new\/player\/olah-szaloki-leila\/\">Ol\u00e1h-Szal\u00f3ki Leila<\/a><\/td><td class=\"data-goals\" data-label=\"G\u00d3L\">51<\/td><td class=\"data-appearances\" data-label=\"M\">11<\/td><\/tr><tr class=\"even\"><td class=\"data-name\" data-label=\"J\u00e1t\u00e9kos\"><a href=\"http:\/\/szekacske.hu\/new\/player\/petri-eniko\/\">Petri Enik\u0151<\/a><\/td><td class=\"data-goals\" data-label=\"G\u00d3L\">2<\/td><td class=\"data-appearances\" data-label=\"M\">6<\/td><\/tr><tr class=\"odd\"><td class=\"data-name\" data-label=\"J\u00e1t\u00e9kos\"><a href=\"http:\/\/szekacske.hu\/new\/player\/pomazi-erika\/\">Pom\u00e1zi Erika<\/a><\/td><td class=\"data-goals\" data-label=\"G\u00d3L\">12<\/td><td class=\"data-appearances\" data-label=\"M\">12<\/td><\/tr><tr class=\"even\"><td class=\"data-name\" data-label=\"J\u00e1t\u00e9kos\"><a href=\"http:\/\/szekacske.hu\/new\/player\/simon-dora-georgina\/\">Simon D\u00f3ra Georgina<\/a><\/td><td class=\"data-goals\" data-label=\"G\u00d3L\">51<\/td><td class=\"data-appearances\" data-label=\"M\">12<\/td><\/tr><tr class=\"odd\"><td class=\"data-name\" data-label=\"J\u00e1t\u00e9kos\"><a href=\"http:\/\/szekacske.hu\/new\/player\/szennai-gabor-eszter\/\">Szennai-G\u00e1bor Eszter<\/a><\/td><td class=\"data-goals\" data-label=\"G\u00d3L\">9<\/td><td class=\"data-appearances\" data-label=\"M\">4<\/td><\/tr><tr class=\"even\"><td class=\"data-name\" data-label=\"J\u00e1t\u00e9kos\"><a href=\"http:\/\/szekacske.hu\/new\/player\/sulye-agota-sara\/\">S\u00fclye \u00c1gota S\u00e1ra<\/a><\/td><td class=\"data-goals\" data-label=\"G\u00d3L\">6<\/td><td class=\"data-appearances\" data-label=\"M\">2<\/td><\/tr><tr class=\"odd\"><td class=\"data-name\" data-label=\"J\u00e1t\u00e9kos\"><a href=\"http:\/\/szekacske.hu\/new\/player\/toth-nora\/\">T\u00f3th N\u00f3ra<\/a><\/td><td class=\"data-goals\" data-label=\"G\u00d3L\">15<\/td><td class=\"data-appearances\" data-label=\"M\">6<\/td><\/tr><tr class=\"even\"><td class=\"data-name\" data-label=\"J\u00e1t\u00e9kos\"><a href=\"http:\/\/szekacske.hu\/new\/player\/vata-renata\/\">Vata Ren\u00e1ta<\/a><\/td><td class=\"data-goals\" data-label=\"G\u00d3L\">21<\/td><td class=\"data-appearances\" data-label=\"M\">12<\/td><\/tr><tr class=\"odd\"><td class=\"data-name\" data-label=\"J\u00e1t\u00e9kos\"><a href=\"http:\/\/szekacske.hu\/new\/player\/varhelyine-ilyes-erika\/\">V\u00e1rhelyin\u00e9 Ily\u00e9s Erika<\/a><\/td><td class=\"data-goals\" data-label=\"G\u00d3L\">0<\/td><td class=\"data-appearances\" data-label=\"M\">4<\/td><\/tr><\/tbody><\/table><\/div><\/div><\/div>\n","protected":false},"excerpt":{"rendered":"","protected":false},"author":3,"featured_media":0,"parent":135,"menu_order":0,"comment_status":"closed","ping_status":"closed","template":"","meta":{"footnotes":""},"class_list":["post-2943","page","type-page","status-publish","hentry"],"yoast_head":"<!-- This site is optimized with the Yoast SEO plugin v27.5 - https:\/\/yoast.com\/product\/yoast-seo-wordpress\/ -->\n<title>N\u0151i V\u00e1rmegyei I. - 2024\/2025 - Sz\u00e9k\u00e1cs KE<\/title>\n<meta name=\"robots\" content=\"index, follow, max-snippet:-1, max-image-preview:large, max-video-preview:-1\" \/>\n<link rel=\"canonical\" href=\"http:\/\/szekacske.hu\/new\/csapatok\/noi-varmegyei-i-2024-2025\/\" \/>\n<meta property=\"og:locale\" content=\"hu_HU\" \/>\n<meta property=\"og:type\" content=\"article\" \/>\n<meta property=\"og:title\" content=\"N\u0151i V\u00e1rmegyei I. - 2024\/2025 - Sz\u00e9k\u00e1cs KE\" \/>\n<meta property=\"og:url\" content=\"http:\/\/szekacske.hu\/new\/csapatok\/noi-varmegyei-i-2024-2025\/\" \/>\n<meta property=\"og:site_name\" content=\"Sz\u00e9k\u00e1cs KE\" \/>\n<meta property=\"article:modified_time\" content=\"2024-11-01T15:47:34+00:00\" \/>\n<meta property=\"og:image\" content=\"http:\/\/szekacske.hu\/new\/wp-content\/uploads\/2019\/09\/cropped-szekacske.png\" \/>\n\t<meta property=\"og:image:width\" content=\"512\" \/>\n\t<meta property=\"og:image:height\" content=\"512\" \/>\n\t<meta property=\"og:image:type\" content=\"image\/png\" \/>\n<meta name=\"twitter:card\" content=\"summary_large_image\" \/>\n<meta name=\"twitter:label1\" content=\"Becs\u00fclt olvas\u00e1si id\u0151\" \/>\n\t<meta name=\"twitter:data1\" content=\"1 perc\" \/>\n<script type=\"application\/ld+json\" class=\"yoast-schema-graph\">{\"@context\":\"https:\\\/\\\/schema.org\",\"@graph\":[{\"@type\":\"WebPage\",\"@id\":\"http:\\\/\\\/szekacske.hu\\\/new\\\/csapatok\\\/noi-varmegyei-i-2024-2025\\\/\",\"url\":\"http:\\\/\\\/szekacske.hu\\\/new\\\/csapatok\\\/noi-varmegyei-i-2024-2025\\\/\",\"name\":\"N\u0151i V\u00e1rmegyei I. - 2024\\\/2025 - Sz\u00e9k\u00e1cs KE\",\"isPartOf\":{\"@id\":\"https:\\\/\\\/szekacske.hu\\\/new\\\/#website\"},\"datePublished\":\"2024-10-25T08:27:06+00:00\",\"dateModified\":\"2024-11-01T15:47:34+00:00\",\"breadcrumb\":{\"@id\":\"http:\\\/\\\/szekacske.hu\\\/new\\\/csapatok\\\/noi-varmegyei-i-2024-2025\\\/#breadcrumb\"},\"inLanguage\":\"hu\",\"potentialAction\":[{\"@type\":\"ReadAction\",\"target\":[\"http:\\\/\\\/szekacske.hu\\\/new\\\/csapatok\\\/noi-varmegyei-i-2024-2025\\\/\"]}]},{\"@type\":\"BreadcrumbList\",\"@id\":\"http:\\\/\\\/szekacske.hu\\\/new\\\/csapatok\\\/noi-varmegyei-i-2024-2025\\\/#breadcrumb\",\"itemListElement\":[{\"@type\":\"ListItem\",\"position\":1,\"name\":\"Kezd\u0151lap\",\"item\":\"https:\\\/\\\/szekacske.hu\\\/new\\\/\"},{\"@type\":\"ListItem\",\"position\":2,\"name\":\"Csapatok\",\"item\":\"http:\\\/\\\/szekacske.hu\\\/new\\\/csapatok\\\/\"},{\"@type\":\"ListItem\",\"position\":3,\"name\":\"N\u0151i V\u00e1rmegyei I. &#8211; 2024\\\/2025\"}]},{\"@type\":\"WebSite\",\"@id\":\"https:\\\/\\\/szekacske.hu\\\/new\\\/#website\",\"url\":\"https:\\\/\\\/szekacske.hu\\\/new\\\/\",\"name\":\"Sz\u00e9k\u00e1cs KE\",\"description\":\"T\u00f6r\u00f6kszentmikl\u00f3si Sz\u00e9k\u00e1cs KE hivatalos honlapja\",\"potentialAction\":[{\"@type\":\"SearchAction\",\"target\":{\"@type\":\"EntryPoint\",\"urlTemplate\":\"https:\\\/\\\/szekacske.hu\\\/new\\\/?s={search_term_string}\"},\"query-input\":{\"@type\":\"PropertyValueSpecification\",\"valueRequired\":true,\"valueName\":\"search_term_string\"}}],\"inLanguage\":\"hu\"}]}<\/script>\n<!-- \/ Yoast SEO plugin. -->","yoast_head_json":{"title":"N\u0151i V\u00e1rmegyei I. - 2024\/2025 - Sz\u00e9k\u00e1cs KE","robots":{"index":"index","follow":"follow","max-snippet":"max-snippet:-1","max-image-preview":"max-image-preview:large","max-video-preview":"max-video-preview:-1"},"canonical":"http:\/\/szekacske.hu\/new\/csapatok\/noi-varmegyei-i-2024-2025\/","og_locale":"hu_HU","og_type":"article","og_title":"N\u0151i V\u00e1rmegyei I. - 2024\/2025 - Sz\u00e9k\u00e1cs KE","og_url":"http:\/\/szekacske.hu\/new\/csapatok\/noi-varmegyei-i-2024-2025\/","og_site_name":"Sz\u00e9k\u00e1cs KE","article_modified_time":"2024-11-01T15:47:34+00:00","og_image":[{"width":512,"height":512,"url":"http:\/\/szekacske.hu\/new\/wp-content\/uploads\/2019\/09\/cropped-szekacske.png","type":"image\/png"}],"twitter_card":"summary_large_image","twitter_misc":{"Becs\u00fclt olvas\u00e1si id\u0151":"1 perc"},"schema":{"@context":"https:\/\/schema.org","@graph":[{"@type":"WebPage","@id":"http:\/\/szekacske.hu\/new\/csapatok\/noi-varmegyei-i-2024-2025\/","url":"http:\/\/szekacske.hu\/new\/csapatok\/noi-varmegyei-i-2024-2025\/","name":"N\u0151i V\u00e1rmegyei I. - 2024\/2025 - Sz\u00e9k\u00e1cs KE","isPartOf":{"@id":"https:\/\/szekacske.hu\/new\/#website"},"datePublished":"2024-10-25T08:27:06+00:00","dateModified":"2024-11-01T15:47:34+00:00","breadcrumb":{"@id":"http:\/\/szekacske.hu\/new\/csapatok\/noi-varmegyei-i-2024-2025\/#breadcrumb"},"inLanguage":"hu","potentialAction":[{"@type":"ReadAction","target":["http:\/\/szekacske.hu\/new\/csapatok\/noi-varmegyei-i-2024-2025\/"]}]},{"@type":"BreadcrumbList","@id":"http:\/\/szekacske.hu\/new\/csapatok\/noi-varmegyei-i-2024-2025\/#breadcrumb","itemListElement":[{"@type":"ListItem","position":1,"name":"Kezd\u0151lap","item":"https:\/\/szekacske.hu\/new\/"},{"@type":"ListItem","position":2,"name":"Csapatok","item":"http:\/\/szekacske.hu\/new\/csapatok\/"},{"@type":"ListItem","position":3,"name":"N\u0151i V\u00e1rmegyei I. &#8211; 2024\/2025"}]},{"@type":"WebSite","@id":"https:\/\/szekacske.hu\/new\/#website","url":"https:\/\/szekacske.hu\/new\/","name":"Sz\u00e9k\u00e1cs KE","description":"T\u00f6r\u00f6kszentmikl\u00f3si Sz\u00e9k\u00e1cs KE hivatalos honlapja","potentialAction":[{"@type":"SearchAction","target":{"@type":"EntryPoint","urlTemplate":"https:\/\/szekacske.hu\/new\/?s={search_term_string}"},"query-input":{"@type":"PropertyValueSpecification","valueRequired":true,"valueName":"search_term_string"}}],"inLanguage":"hu"}]}},"_links":{"self":[{"href":"http:\/\/szekacske.hu\/new\/wp-json\/wp\/v2\/pages\/2943","targetHints":{"allow":["GET"]}}],"collection":[{"href":"http:\/\/szekacske.hu\/new\/wp-json\/wp\/v2\/pages"}],"about":[{"href":"http:\/\/szekacske.hu\/new\/wp-json\/wp\/v2\/types\/page"}],"author":[{"embeddable":true,"href":"http:\/\/szekacske.hu\/new\/wp-json\/wp\/v2\/users\/3"}],"replies":[{"embeddable":true,"href":"http:\/\/szekacske.hu\/new\/wp-json\/wp\/v2\/comments?post=2943"}],"version-history":[{"count":1,"href":"http:\/\/szekacske.hu\/new\/wp-json\/wp\/v2\/pages\/2943\/revisions"}],"predecessor-version":[{"id":2950,"href":"http:\/\/szekacske.hu\/new\/wp-json\/wp\/v2\/pages\/2943\/revisions\/2950"}],"up":[{"embeddable":true,"href":"http:\/\/szekacske.hu\/new\/wp-json\/wp\/v2\/pages\/135"}],"wp:attachment":[{"href":"http:\/\/szekacske.hu\/new\/wp-json\/wp\/v2\/media?parent=2943"}],"curies":[{"name":"wp","href":"https:\/\/api.w.org\/{rel}","templated":true}]}}