{"id":2034,"date":"2023-10-08T11:10:51","date_gmt":"2023-10-08T09:10:51","guid":{"rendered":"https:\/\/szekacske.hu\/new\/?page_id=2034"},"modified":"2023-10-08T11:10:51","modified_gmt":"2023-10-08T09:10:51","slug":"leany-u12-2023-2024","status":"publish","type":"page","link":"http:\/\/szekacske.hu\/new\/leany-u12-2023-2024\/","title":{"rendered":"Le\u00e1ny U12 2023\/2024"},"content":{"rendered":"<div class=\"sportspress\"><div class=\"sp-template sp-template-event-blocks\">\n\t<div class=\"sp-table-wrapper\">\n\t\t<table class=\"sp-event-blocks sp-data-table\n\t\t\" data-sp-rows=\"30\">\n\t\t\t<thead><tr><th><\/th><\/tr><\/thead> \t\t\t<tbody>\n\t\t\t\t\t\t\t\t\t<tr class=\"sp-row sp-post alternate\" itemscope itemtype=\"http:\/\/schema.org\/SportsEvent\">\n\t\t\t\t\t\t<td>\n\t\t\t\t\t\t\t\t\t\t\t\t\t\t<span><\/span> <span class=\"team-logo logo-even\" title=\"T\u00f6r\u00f6kszentmikl\u00f3si Sz\u00e9k\u00e1cs KE G\u00c9F-PRO\"><a href=\"http:\/\/szekacske.hu\/new\/team\/torokszentmiklosi-szekacs-ke\/\"><img loading=\"lazy\" decoding=\"async\" width=\"125\" height=\"128\" src=\"http:\/\/szekacske.hu\/new\/wp-content\/uploads\/2019\/09\/szekacske-125x128.png\" class=\"attachment-sportspress-fit-icon size-sportspress-fit-icon wp-post-image\" alt=\"\" \/><\/a><\/span>\t\t\t\t\t\t\t<time class=\"sp-event-date\" datetime=\"2023-10-07 09:00:45\" itemprop=\"startDate\" content=\"2023-10-07T09:00:45+02:00\">\n\t\t\t\t\t\t\t\t<a href=\"http:\/\/szekacske.hu\/new\/event\/jaszfenyszaru-vse-szekacs-ke\/\">2023.10.07.<\/a>\t\t\t\t\t\t\t<\/time>\n\t\t\t\t\t\t\t\t\t\t\t\t\t\t<h5 class=\"sp-event-results\">\n\t\t\t\t\t\t\t\t<a href=\"http:\/\/szekacske.hu\/new\/event\/jaszfenyszaru-vse-szekacs-ke\/\"><span class=\"sp-result ok\">6<\/span> - <span class=\"sp-result\">19<\/span><\/a>\t\t\t\t\t\t\t<\/h5>\n\t\t\t\t\t\t\t\t\t\t\t\t\t\t\t<div class=\"sp-event-league\">Le\u00e1ny U12 XII. csoport<\/div>\n\t\t\t\t\t\t\t\t\t\t\t\t\t\t\t\t\t\t\t\t\t\t\t\t\t\t\t\t\t\t<div class=\"sp-event-season\">2023\/2024<\/div>\n\t\t\t\t\t\t\t\t\t\t\t\t\t\t\t\t\t\t\t\t\t\t\t\t\t\t\t\t\t\t\t\t\t\t\t\t\t<div style=\"display:none;\" class=\"sp-event-venue\" itemprop=\"location\" itemscope itemtype=\"http:\/\/schema.org\/Place\"><div itemprop=\"address\" itemscope itemtype=\"http:\/\/schema.org\/PostalAddress\">N\/A<\/div><\/div>\n\t\t\t\t\t\t\t\t\t\t\t\t\t\t<h4 class=\"sp-event-title\" itemprop=\"name\">\n\t\t\t\t\t\t\t\t<a href=\"http:\/\/szekacske.hu\/new\/event\/jaszfenyszaru-vse-szekacs-ke\/\">J\u00e1szf\u00e9nyszaru VSE - Sz\u00e9k\u00e1cs KE<\/a>\t\t\t\t\t\t\t<\/h4>\n\t\t\t\t\t\t\t\n\t\t\t\t\t\t<\/td>\n\t\t\t\t\t<\/tr>\n\t\t\t\t\t\t\t\t\t\t<tr class=\"sp-row sp-post\" itemscope itemtype=\"http:\/\/schema.org\/SportsEvent\">\n\t\t\t\t\t\t<td>\n\t\t\t\t\t\t\t\t\t\t\t\t\t\t<span class=\"team-logo logo-odd\" title=\"T\u00f6r\u00f6kszentmikl\u00f3si Sz\u00e9k\u00e1cs KE G\u00c9F-PRO\"><a href=\"http:\/\/szekacske.hu\/new\/team\/torokszentmiklosi-szekacs-ke\/\"><img loading=\"lazy\" decoding=\"async\" width=\"125\" height=\"128\" src=\"http:\/\/szekacske.hu\/new\/wp-content\/uploads\/2019\/09\/szekacske-125x128.png\" class=\"attachment-sportspress-fit-icon size-sportspress-fit-icon wp-post-image\" alt=\"\" \/><\/a><\/span> <span><\/span>\t\t\t\t\t\t\t<time class=\"sp-event-date\" datetime=\"2023-10-07 12:40:43\" itemprop=\"startDate\" content=\"2023-10-07T12:40:43+02:00\">\n\t\t\t\t\t\t\t\t<a href=\"http:\/\/szekacske.hu\/new\/event\/szekacs-ke-jaszberenyi-tf-dse-2\/\">2023.10.07.<\/a>\t\t\t\t\t\t\t<\/time>\n\t\t\t\t\t\t\t\t\t\t\t\t\t\t<h5 class=\"sp-event-results\">\n\t\t\t\t\t\t\t\t<a href=\"http:\/\/szekacske.hu\/new\/event\/szekacs-ke-jaszberenyi-tf-dse-2\/\"><span class=\"sp-result ok\">24<\/span> - <span class=\"sp-result\">3<\/span><\/a>\t\t\t\t\t\t\t<\/h5>\n\t\t\t\t\t\t\t\t\t\t\t\t\t\t\t<div class=\"sp-event-league\">Le\u00e1ny U12 XII. csoport<\/div>\n\t\t\t\t\t\t\t\t\t\t\t\t\t\t\t\t\t\t\t\t\t\t\t\t\t\t\t\t\t\t<div class=\"sp-event-season\">2023\/2024<\/div>\n\t\t\t\t\t\t\t\t\t\t\t\t\t\t\t\t\t\t\t\t\t\t\t\t\t\t\t\t\t\t<div class=\"sp-event-venue\" itemprop=\"location\" itemscope itemtype=\"http:\/\/schema.org\/Place\"><div itemprop=\"address\" itemscope itemtype=\"http:\/\/schema.org\/PostalAddress\">Sz\u00e9k\u00e1cs Sportcsarnok<\/div><\/div>\n\t\t\t\t\t\t\t\t\t\t\t\t\t\t\t\t\t\t\t\t\t\t\t\t\t\t\t\t\t\t<div style=\"display:none;\" class=\"sp-event-venue\" itemprop=\"location\" itemscope itemtype=\"http:\/\/schema.org\/Place\"><div itemprop=\"address\" itemscope itemtype=\"http:\/\/schema.org\/PostalAddress\">N\/A<\/div><\/div>\n\t\t\t\t\t\t\t\t\t\t\t\t\t\t<h4 class=\"sp-event-title\" itemprop=\"name\">\n\t\t\t\t\t\t\t\t<a href=\"http:\/\/szekacske.hu\/new\/event\/szekacs-ke-jaszberenyi-tf-dse-2\/\">Sz\u00e9k\u00e1cs KE - J\u00e1szber\u00e9nyi TF DSE<\/a>\t\t\t\t\t\t\t<\/h4>\n\t\t\t\t\t\t\t\n\t\t\t\t\t\t<\/td>\n\t\t\t\t\t<\/tr>\n\t\t\t\t\t\t\t\t\t\t<tr class=\"sp-row sp-post alternate\" itemscope itemtype=\"http:\/\/schema.org\/SportsEvent\">\n\t\t\t\t\t\t<td>\n\t\t\t\t\t\t\t\t\t\t\t\t\t\t<span class=\"team-logo logo-odd\" title=\"Aranyszarvas SE\"><a href=\"http:\/\/szekacske.hu\/new\/team\/aranyszarvas-se\/\"><img loading=\"lazy\" decoding=\"async\" width=\"128\" height=\"111\" src=\"http:\/\/szekacske.hu\/new\/wp-content\/uploads\/2023\/10\/1330859-ASE-logo-128x111.jpg\" class=\"attachment-sportspress-fit-icon size-sportspress-fit-icon wp-post-image\" alt=\"\" \/><\/a><\/span> <span class=\"team-logo logo-even\" title=\"T\u00f6r\u00f6kszentmikl\u00f3si Sz\u00e9k\u00e1cs KE G\u00c9F-PRO\"><a href=\"http:\/\/szekacske.hu\/new\/team\/torokszentmiklosi-szekacs-ke\/\"><img loading=\"lazy\" decoding=\"async\" width=\"125\" height=\"128\" src=\"http:\/\/szekacske.hu\/new\/wp-content\/uploads\/2019\/09\/szekacske-125x128.png\" class=\"attachment-sportspress-fit-icon size-sportspress-fit-icon wp-post-image\" alt=\"\" \/><\/a><\/span>\t\t\t\t\t\t\t<time class=\"sp-event-date\" datetime=\"2023-11-12 09:55:39\" itemprop=\"startDate\" content=\"2023-11-12T09:55:39+01:00\">\n\t\t\t\t\t\t\t\t<a href=\"http:\/\/szekacske.hu\/new\/event\/aranyszarvas-se-szekacs-ke\/\">2023.11.12.<\/a>\t\t\t\t\t\t\t<\/time>\n\t\t\t\t\t\t\t\t\t\t\t\t\t\t<h5 class=\"sp-event-results\">\n\t\t\t\t\t\t\t\t<a href=\"http:\/\/szekacske.hu\/new\/event\/aranyszarvas-se-szekacs-ke\/\"><span class=\"sp-result ok\">20<\/span> - <span class=\"sp-result\">7<\/span><\/a>\t\t\t\t\t\t\t<\/h5>\n\t\t\t\t\t\t\t\t\t\t\t\t\t\t\t<div class=\"sp-event-league\">Le\u00e1ny U12 XII. csoport<\/div>\n\t\t\t\t\t\t\t\t\t\t\t\t\t\t\t\t\t\t\t\t\t\t\t\t\t\t\t\t\t\t<div class=\"sp-event-season\">2023\/2024<\/div>\n\t\t\t\t\t\t\t\t\t\t\t\t\t\t\t\t\t\t\t\t\t\t\t\t\t\t\t\t\t\t\t\t\t\t\t\t\t<div style=\"display:none;\" class=\"sp-event-venue\" itemprop=\"location\" itemscope itemtype=\"http:\/\/schema.org\/Place\"><div itemprop=\"address\" itemscope itemtype=\"http:\/\/schema.org\/PostalAddress\">N\/A<\/div><\/div>\n\t\t\t\t\t\t\t\t\t\t\t\t\t\t<h4 class=\"sp-event-title\" itemprop=\"name\">\n\t\t\t\t\t\t\t\t<a href=\"http:\/\/szekacske.hu\/new\/event\/aranyszarvas-se-szekacs-ke\/\">Aranyszarvas SE - Sz\u00e9k\u00e1cs KE<\/a>\t\t\t\t\t\t\t<\/h4>\n\t\t\t\t\t\t\t\n\t\t\t\t\t\t<\/td>\n\t\t\t\t\t<\/tr>\n\t\t\t\t\t\t\t\t\t\t<tr class=\"sp-row sp-post\" itemscope itemtype=\"http:\/\/schema.org\/SportsEvent\">\n\t\t\t\t\t\t<td>\n\t\t\t\t\t\t\t\t\t\t\t\t\t\t<span class=\"team-logo logo-odd\" title=\"T\u00f6r\u00f6kszentmikl\u00f3si Sz\u00e9k\u00e1cs KE G\u00c9F-PRO\"><a href=\"http:\/\/szekacske.hu\/new\/team\/torokszentmiklosi-szekacs-ke\/\"><img loading=\"lazy\" decoding=\"async\" width=\"125\" height=\"128\" src=\"http:\/\/szekacske.hu\/new\/wp-content\/uploads\/2019\/09\/szekacske-125x128.png\" class=\"attachment-sportspress-fit-icon size-sportspress-fit-icon wp-post-image\" alt=\"\" \/><\/a><\/span> <span class=\"team-logo logo-even\" title=\"Abonyi KC\"><a href=\"http:\/\/szekacske.hu\/new\/team\/abonyi-kc\/\"><img loading=\"lazy\" decoding=\"async\" width=\"128\" height=\"122\" src=\"http:\/\/szekacske.hu\/new\/wp-content\/uploads\/2022\/03\/Abonyi-KC-logo_8_Vagott-128x122.png\" class=\"attachment-sportspress-fit-icon size-sportspress-fit-icon wp-post-image\" alt=\"\" \/><\/a><\/span>\t\t\t\t\t\t\t<time class=\"sp-event-date\" datetime=\"2023-11-12 12:40:40\" itemprop=\"startDate\" content=\"2023-11-12T12:40:40+01:00\">\n\t\t\t\t\t\t\t\t<a href=\"http:\/\/szekacske.hu\/new\/event\/szekacs-ke-abonyi-kc-3\/\">2023.11.12.<\/a>\t\t\t\t\t\t\t<\/time>\n\t\t\t\t\t\t\t\t\t\t\t\t\t\t<h5 class=\"sp-event-results\">\n\t\t\t\t\t\t\t\t<a href=\"http:\/\/szekacske.hu\/new\/event\/szekacs-ke-abonyi-kc-3\/\"><span class=\"sp-result ok\">3<\/span> - <span class=\"sp-result\">22<\/span><\/a>\t\t\t\t\t\t\t<\/h5>\n\t\t\t\t\t\t\t\t\t\t\t\t\t\t\t<div class=\"sp-event-league\">Le\u00e1ny U12 XII. csoport<\/div>\n\t\t\t\t\t\t\t\t\t\t\t\t\t\t\t\t\t\t\t\t\t\t\t\t\t\t\t\t\t\t<div class=\"sp-event-season\">2023\/2024<\/div>\n\t\t\t\t\t\t\t\t\t\t\t\t\t\t\t\t\t\t\t\t\t\t\t\t\t\t\t\t\t\t<div class=\"sp-event-venue\" itemprop=\"location\" itemscope itemtype=\"http:\/\/schema.org\/Place\"><div itemprop=\"address\" itemscope itemtype=\"http:\/\/schema.org\/PostalAddress\">Sz\u00e9k\u00e1cs Sportcsarnok<\/div><\/div>\n\t\t\t\t\t\t\t\t\t\t\t\t\t\t\t\t\t\t\t\t\t\t\t\t\t\t\t\t\t\t<div style=\"display:none;\" class=\"sp-event-venue\" itemprop=\"location\" itemscope itemtype=\"http:\/\/schema.org\/Place\"><div itemprop=\"address\" itemscope itemtype=\"http:\/\/schema.org\/PostalAddress\">N\/A<\/div><\/div>\n\t\t\t\t\t\t\t\t\t\t\t\t\t\t<h4 class=\"sp-event-title\" itemprop=\"name\">\n\t\t\t\t\t\t\t\t<a href=\"http:\/\/szekacske.hu\/new\/event\/szekacs-ke-abonyi-kc-3\/\">Sz\u00e9k\u00e1cs KE - Abonyi KC<\/a>\t\t\t\t\t\t\t<\/h4>\n\t\t\t\t\t\t\t\n\t\t\t\t\t\t<\/td>\n\t\t\t\t\t<\/tr>\n\t\t\t\t\t\t\t\t\t\t<tr class=\"sp-row sp-post alternate\" itemscope itemtype=\"http:\/\/schema.org\/SportsEvent\">\n\t\t\t\t\t\t<td>\n\t\t\t\t\t\t\t\t\t\t\t\t\t\t<span class=\"team-logo logo-odd\" title=\"EURONOVEX USE I.\"><a href=\"http:\/\/szekacske.hu\/new\/team\/euronovex-use-i\/\"><img loading=\"lazy\" decoding=\"async\" width=\"128\" height=\"128\" src=\"http:\/\/szekacske.hu\/new\/wp-content\/uploads\/2024\/02\/30109-Euronovex-128x128.png\" class=\"attachment-sportspress-fit-icon size-sportspress-fit-icon wp-post-image\" alt=\"\" \/><\/a><\/span> <span class=\"team-logo logo-even\" title=\"T\u00f6r\u00f6kszentmikl\u00f3si Sz\u00e9k\u00e1cs KE G\u00c9F-PRO\"><a href=\"http:\/\/szekacske.hu\/new\/team\/torokszentmiklosi-szekacs-ke\/\"><img loading=\"lazy\" decoding=\"async\" width=\"125\" height=\"128\" src=\"http:\/\/szekacske.hu\/new\/wp-content\/uploads\/2019\/09\/szekacske-125x128.png\" class=\"attachment-sportspress-fit-icon size-sportspress-fit-icon wp-post-image\" alt=\"\" \/><\/a><\/span>\t\t\t\t\t\t\t<time class=\"sp-event-date\" datetime=\"2024-02-18 10:30:35\" itemprop=\"startDate\" content=\"2024-02-18T10:30:35+01:00\">\n\t\t\t\t\t\t\t\t<a href=\"http:\/\/szekacske.hu\/new\/event\/euronovex-use-i-szekacs-ke\/\">2024.02.18.<\/a>\t\t\t\t\t\t\t<\/time>\n\t\t\t\t\t\t\t\t\t\t\t\t\t\t<h5 class=\"sp-event-results\">\n\t\t\t\t\t\t\t\t<a href=\"http:\/\/szekacske.hu\/new\/event\/euronovex-use-i-szekacs-ke\/\"><span class=\"sp-result ok\">20<\/span> - <span class=\"sp-result\">12<\/span><\/a>\t\t\t\t\t\t\t<\/h5>\n\t\t\t\t\t\t\t\t\t\t\t\t\t\t\t<div class=\"sp-event-league\">Le\u00e1ny U12 XII. csoport<\/div>\n\t\t\t\t\t\t\t\t\t\t\t\t\t\t\t\t\t\t\t\t\t\t\t\t\t\t\t\t\t\t<div class=\"sp-event-season\">2023\/2024<\/div>\n\t\t\t\t\t\t\t\t\t\t\t\t\t\t\t\t\t\t\t\t\t\t\t\t\t\t\t\t\t\t<div class=\"sp-event-venue\" itemprop=\"location\" itemscope itemtype=\"http:\/\/schema.org\/Place\"><div itemprop=\"address\" itemscope itemtype=\"http:\/\/schema.org\/PostalAddress\">BUD Ar\u00e9na<\/div><\/div>\n\t\t\t\t\t\t\t\t\t\t\t\t\t\t\t\t\t\t\t\t\t\t\t\t\t\t\t\t\t\t<div style=\"display:none;\" class=\"sp-event-venue\" itemprop=\"location\" itemscope itemtype=\"http:\/\/schema.org\/Place\"><div itemprop=\"address\" itemscope itemtype=\"http:\/\/schema.org\/PostalAddress\">N\/A<\/div><\/div>\n\t\t\t\t\t\t\t\t\t\t\t\t\t\t<h4 class=\"sp-event-title\" itemprop=\"name\">\n\t\t\t\t\t\t\t\t<a href=\"http:\/\/szekacske.hu\/new\/event\/euronovex-use-i-szekacs-ke\/\">EURONOVEX USE I. - Sz\u00e9k\u00e1cs KE<\/a>\t\t\t\t\t\t\t<\/h4>\n\t\t\t\t\t\t\t\n\t\t\t\t\t\t<\/td>\n\t\t\t\t\t<\/tr>\n\t\t\t\t\t\t\t\t\t\t<tr class=\"sp-row sp-post\" itemscope itemtype=\"http:\/\/schema.org\/SportsEvent\">\n\t\t\t\t\t\t<td>\n\t\t\t\t\t\t\t\t\t\t\t\t\t\t<span class=\"team-logo logo-odd\" title=\"T\u00f6r\u00f6kszentmikl\u00f3si Sz\u00e9k\u00e1cs KE G\u00c9F-PRO\"><a href=\"http:\/\/szekacske.hu\/new\/team\/torokszentmiklosi-szekacs-ke\/\"><img loading=\"lazy\" decoding=\"async\" width=\"125\" height=\"128\" src=\"http:\/\/szekacske.hu\/new\/wp-content\/uploads\/2019\/09\/szekacske-125x128.png\" class=\"attachment-sportspress-fit-icon size-sportspress-fit-icon wp-post-image\" alt=\"\" \/><\/a><\/span> <span><\/span>\t\t\t\t\t\t\t<time class=\"sp-event-date\" datetime=\"2024-02-18 13:35:36\" itemprop=\"startDate\" content=\"2024-02-18T13:35:36+01:00\">\n\t\t\t\t\t\t\t\t<a href=\"http:\/\/szekacske.hu\/new\/event\/szekacs-ke-hevesi-se\/\">2024.02.18.<\/a>\t\t\t\t\t\t\t<\/time>\n\t\t\t\t\t\t\t\t\t\t\t\t\t\t<h5 class=\"sp-event-results\">\n\t\t\t\t\t\t\t\t<a href=\"http:\/\/szekacske.hu\/new\/event\/szekacs-ke-hevesi-se\/\"><span class=\"sp-result ok\">25<\/span> - <span class=\"sp-result\">1<\/span><\/a>\t\t\t\t\t\t\t<\/h5>\n\t\t\t\t\t\t\t\t\t\t\t\t\t\t\t<div class=\"sp-event-league\">Le\u00e1ny U12 XII. csoport<\/div>\n\t\t\t\t\t\t\t\t\t\t\t\t\t\t\t\t\t\t\t\t\t\t\t\t\t\t\t\t\t\t<div class=\"sp-event-season\">2023\/2024<\/div>\n\t\t\t\t\t\t\t\t\t\t\t\t\t\t\t\t\t\t\t\t\t\t\t\t\t\t\t\t\t\t<div class=\"sp-event-venue\" itemprop=\"location\" itemscope itemtype=\"http:\/\/schema.org\/Place\"><div itemprop=\"address\" itemscope itemtype=\"http:\/\/schema.org\/PostalAddress\">BUD Ar\u00e9na<\/div><\/div>\n\t\t\t\t\t\t\t\t\t\t\t\t\t\t\t\t\t\t\t\t\t\t\t\t\t\t\t\t\t\t<div style=\"display:none;\" class=\"sp-event-venue\" itemprop=\"location\" itemscope itemtype=\"http:\/\/schema.org\/Place\"><div itemprop=\"address\" itemscope itemtype=\"http:\/\/schema.org\/PostalAddress\">N\/A<\/div><\/div>\n\t\t\t\t\t\t\t\t\t\t\t\t\t\t<h4 class=\"sp-event-title\" itemprop=\"name\">\n\t\t\t\t\t\t\t\t<a href=\"http:\/\/szekacske.hu\/new\/event\/szekacs-ke-hevesi-se\/\">Sz\u00e9k\u00e1cs KE - Hevesi SE<\/a>\t\t\t\t\t\t\t<\/h4>\n\t\t\t\t\t\t\t\n\t\t\t\t\t\t<\/td>\n\t\t\t\t\t<\/tr>\n\t\t\t\t\t\t\t\t\t\t<tr class=\"sp-row sp-post alternate\" itemscope itemtype=\"http:\/\/schema.org\/SportsEvent\">\n\t\t\t\t\t\t<td>\n\t\t\t\t\t\t\t\t\t\t\t\t\t\t<span class=\"team-logo logo-odd\" title=\"TFSE-J\u00e1sz\u00e1roksz\u00e1ll\u00e1s\"><a href=\"http:\/\/szekacske.hu\/new\/team\/tfse-jaszarokszallas\/\"><img loading=\"lazy\" decoding=\"async\" width=\"97\" height=\"128\" src=\"http:\/\/szekacske.hu\/new\/wp-content\/uploads\/2024\/02\/1712188-TFSE-97x128.jpeg\" class=\"attachment-sportspress-fit-icon size-sportspress-fit-icon wp-post-image\" alt=\"\" \/><\/a><\/span> <span class=\"team-logo logo-even\" title=\"T\u00f6r\u00f6kszentmikl\u00f3si Sz\u00e9k\u00e1cs KE G\u00c9F-PRO\"><a href=\"http:\/\/szekacske.hu\/new\/team\/torokszentmiklosi-szekacs-ke\/\"><img loading=\"lazy\" decoding=\"async\" width=\"125\" height=\"128\" src=\"http:\/\/szekacske.hu\/new\/wp-content\/uploads\/2019\/09\/szekacske-125x128.png\" class=\"attachment-sportspress-fit-icon size-sportspress-fit-icon wp-post-image\" alt=\"\" \/><\/a><\/span>\t\t\t\t\t\t\t<time class=\"sp-event-date\" datetime=\"2024-04-14 10:50:52\" itemprop=\"startDate\" content=\"2024-04-14T10:50:52+02:00\">\n\t\t\t\t\t\t\t\t<a href=\"http:\/\/szekacske.hu\/new\/event\/tfse-jaszarokszallas-szekacs-ke\/\">2024.04.14.<\/a>\t\t\t\t\t\t\t<\/time>\n\t\t\t\t\t\t\t\t\t\t\t\t\t\t<h5 class=\"sp-event-results\">\n\t\t\t\t\t\t\t\t<a href=\"http:\/\/szekacske.hu\/new\/event\/tfse-jaszarokszallas-szekacs-ke\/\"><span class=\"sp-result ok\">10:50<\/span><\/a>\t\t\t\t\t\t\t<\/h5>\n\t\t\t\t\t\t\t\t\t\t\t\t\t\t\t<div class=\"sp-event-league\">Le\u00e1ny U12 XII. csoport<\/div>\n\t\t\t\t\t\t\t\t\t\t\t\t\t\t\t\t\t\t\t\t\t\t\t\t\t\t\t\t\t\t<div class=\"sp-event-season\">2023\/2024<\/div>\n\t\t\t\t\t\t\t\t\t\t\t\t\t\t\t\t\t\t\t\t\t\t\t\t\t\t\t\t\t\t<div class=\"sp-event-venue\" itemprop=\"location\" itemscope itemtype=\"http:\/\/schema.org\/Place\"><div itemprop=\"address\" itemscope itemtype=\"http:\/\/schema.org\/PostalAddress\">BUD Ar\u00e9na<\/div><\/div>\n\t\t\t\t\t\t\t\t\t\t\t\t\t\t\t\t\t\t\t\t\t\t\t\t\t\t\t\t\t\t<div style=\"display:none;\" class=\"sp-event-venue\" itemprop=\"location\" itemscope itemtype=\"http:\/\/schema.org\/Place\"><div itemprop=\"address\" itemscope itemtype=\"http:\/\/schema.org\/PostalAddress\">N\/A<\/div><\/div>\n\t\t\t\t\t\t\t\t\t\t\t\t\t\t<h4 class=\"sp-event-title\" itemprop=\"name\">\n\t\t\t\t\t\t\t\t<a href=\"http:\/\/szekacske.hu\/new\/event\/tfse-jaszarokszallas-szekacs-ke\/\">TFSE-J\u00e1sz\u00e1roksz\u00e1ll\u00e1s - Sz\u00e9k\u00e1cs KE<\/a>\t\t\t\t\t\t\t<\/h4>\n\t\t\t\t\t\t\t\n\t\t\t\t\t\t<\/td>\n\t\t\t\t\t<\/tr>\n\t\t\t\t\t\t\t\t\t\t<tr class=\"sp-row sp-post\" itemscope itemtype=\"http:\/\/schema.org\/SportsEvent\">\n\t\t\t\t\t\t<td>\n\t\t\t\t\t\t\t\t\t\t\t\t\t\t<span class=\"team-logo logo-odd\" title=\"T\u00f6r\u00f6kszentmikl\u00f3si Sz\u00e9k\u00e1cs KE G\u00c9F-PRO\"><a href=\"http:\/\/szekacske.hu\/new\/team\/torokszentmiklosi-szekacs-ke\/\"><img loading=\"lazy\" decoding=\"async\" width=\"125\" height=\"128\" src=\"http:\/\/szekacske.hu\/new\/wp-content\/uploads\/2019\/09\/szekacske-125x128.png\" class=\"attachment-sportspress-fit-icon size-sportspress-fit-icon wp-post-image\" alt=\"\" \/><\/a><\/span> <span><\/span>\t\t\t\t\t\t\t<time class=\"sp-event-date\" datetime=\"2024-04-14 13:35:30\" itemprop=\"startDate\" content=\"2024-04-14T13:35:30+02:00\">\n\t\t\t\t\t\t\t\t<a href=\"http:\/\/szekacske.hu\/new\/event\/szekacs-ke-jaszberenyi-tf-dse-3\/\">2024.04.14.<\/a>\t\t\t\t\t\t\t<\/time>\n\t\t\t\t\t\t\t\t\t\t\t\t\t\t<h5 class=\"sp-event-results\">\n\t\t\t\t\t\t\t\t<a href=\"http:\/\/szekacske.hu\/new\/event\/szekacs-ke-jaszberenyi-tf-dse-3\/\"><span class=\"sp-result ok\">13:35<\/span><\/a>\t\t\t\t\t\t\t<\/h5>\n\t\t\t\t\t\t\t\t\t\t\t\t\t\t\t<div class=\"sp-event-league\">Le\u00e1ny U12 XII. csoport<\/div>\n\t\t\t\t\t\t\t\t\t\t\t\t\t\t\t\t\t\t\t\t\t\t\t\t\t\t\t\t\t\t<div class=\"sp-event-season\">2023\/2024<\/div>\n\t\t\t\t\t\t\t\t\t\t\t\t\t\t\t\t\t\t\t\t\t\t\t\t\t\t\t\t\t\t<div class=\"sp-event-venue\" itemprop=\"location\" itemscope itemtype=\"http:\/\/schema.org\/Place\"><div itemprop=\"address\" itemscope itemtype=\"http:\/\/schema.org\/PostalAddress\">BUD Ar\u00e9na<\/div><\/div>\n\t\t\t\t\t\t\t\t\t\t\t\t\t\t\t\t\t\t\t\t\t\t\t\t\t\t\t\t\t\t<div style=\"display:none;\" class=\"sp-event-venue\" itemprop=\"location\" itemscope itemtype=\"http:\/\/schema.org\/Place\"><div itemprop=\"address\" itemscope itemtype=\"http:\/\/schema.org\/PostalAddress\">N\/A<\/div><\/div>\n\t\t\t\t\t\t\t\t\t\t\t\t\t\t<h4 class=\"sp-event-title\" itemprop=\"name\">\n\t\t\t\t\t\t\t\t<a href=\"http:\/\/szekacske.hu\/new\/event\/szekacs-ke-jaszberenyi-tf-dse-3\/\">Sz\u00e9k\u00e1cs KE - J\u00e1szber\u00e9nyi TF DSE<\/a>\t\t\t\t\t\t\t<\/h4>\n\t\t\t\t\t\t\t\n\t\t\t\t\t\t<\/td>\n\t\t\t\t\t<\/tr>\n\t\t\t\t\t\t\t\t<\/tbody>\n\t\t<\/table>\n\t<\/div>\n\t<\/div>\n<\/div>\n","protected":false},"excerpt":{"rendered":"","protected":false},"author":3,"featured_media":0,"parent":0,"menu_order":0,"comment_status":"closed","ping_status":"closed","template":"","meta":{"footnotes":""},"class_list":["post-2034","page","type-page","status-publish","hentry"],"yoast_head":"<!-- This site is optimized with the Yoast SEO plugin v27.4 - https:\/\/yoast.com\/product\/yoast-seo-wordpress\/ -->\n<title>Le\u00e1ny U12 2023\/2024 - Sz\u00e9k\u00e1cs KE<\/title>\n<meta name=\"robots\" content=\"index, follow, max-snippet:-1, max-image-preview:large, max-video-preview:-1\" \/>\n<link rel=\"canonical\" href=\"http:\/\/szekacske.hu\/new\/leany-u12-2023-2024\/\" \/>\n<meta property=\"og:locale\" content=\"hu_HU\" \/>\n<meta property=\"og:type\" content=\"article\" \/>\n<meta property=\"og:title\" content=\"Le\u00e1ny U12 2023\/2024 - Sz\u00e9k\u00e1cs KE\" \/>\n<meta property=\"og:url\" content=\"http:\/\/szekacske.hu\/new\/leany-u12-2023-2024\/\" \/>\n<meta property=\"og:site_name\" content=\"Sz\u00e9k\u00e1cs KE\" \/>\n<meta property=\"og:image\" content=\"http:\/\/szekacske.hu\/new\/wp-content\/uploads\/2019\/09\/cropped-szekacske.png\" \/>\n\t<meta property=\"og:image:width\" content=\"512\" \/>\n\t<meta property=\"og:image:height\" content=\"512\" \/>\n\t<meta property=\"og:image:type\" content=\"image\/png\" \/>\n<meta name=\"twitter:card\" content=\"summary_large_image\" \/>\n<script type=\"application\/ld+json\" class=\"yoast-schema-graph\">{\"@context\":\"https:\\\/\\\/schema.org\",\"@graph\":[{\"@type\":\"WebPage\",\"@id\":\"http:\\\/\\\/szekacske.hu\\\/new\\\/leany-u12-2023-2024\\\/\",\"url\":\"http:\\\/\\\/szekacske.hu\\\/new\\\/leany-u12-2023-2024\\\/\",\"name\":\"Le\u00e1ny U12 2023\\\/2024 - Sz\u00e9k\u00e1cs KE\",\"isPartOf\":{\"@id\":\"http:\\\/\\\/szekacske.hu\\\/new\\\/#website\"},\"datePublished\":\"2023-10-08T09:10:51+00:00\",\"breadcrumb\":{\"@id\":\"http:\\\/\\\/szekacske.hu\\\/new\\\/leany-u12-2023-2024\\\/#breadcrumb\"},\"inLanguage\":\"hu\",\"potentialAction\":[{\"@type\":\"ReadAction\",\"target\":[\"http:\\\/\\\/szekacske.hu\\\/new\\\/leany-u12-2023-2024\\\/\"]}]},{\"@type\":\"BreadcrumbList\",\"@id\":\"http:\\\/\\\/szekacske.hu\\\/new\\\/leany-u12-2023-2024\\\/#breadcrumb\",\"itemListElement\":[{\"@type\":\"ListItem\",\"position\":1,\"name\":\"Kezd\u0151lap\",\"item\":\"http:\\\/\\\/szekacske.hu\\\/new\\\/\"},{\"@type\":\"ListItem\",\"position\":2,\"name\":\"Le\u00e1ny U12 2023\\\/2024\"}]},{\"@type\":\"WebSite\",\"@id\":\"http:\\\/\\\/szekacske.hu\\\/new\\\/#website\",\"url\":\"http:\\\/\\\/szekacske.hu\\\/new\\\/\",\"name\":\"Sz\u00e9k\u00e1cs KE\",\"description\":\"T\u00f6r\u00f6kszentmikl\u00f3si Sz\u00e9k\u00e1cs KE hivatalos honlapja\",\"potentialAction\":[{\"@type\":\"SearchAction\",\"target\":{\"@type\":\"EntryPoint\",\"urlTemplate\":\"http:\\\/\\\/szekacske.hu\\\/new\\\/?s={search_term_string}\"},\"query-input\":{\"@type\":\"PropertyValueSpecification\",\"valueRequired\":true,\"valueName\":\"search_term_string\"}}],\"inLanguage\":\"hu\"}]}<\/script>\n<!-- \/ Yoast SEO plugin. -->","yoast_head_json":{"title":"Le\u00e1ny U12 2023\/2024 - Sz\u00e9k\u00e1cs KE","robots":{"index":"index","follow":"follow","max-snippet":"max-snippet:-1","max-image-preview":"max-image-preview:large","max-video-preview":"max-video-preview:-1"},"canonical":"http:\/\/szekacske.hu\/new\/leany-u12-2023-2024\/","og_locale":"hu_HU","og_type":"article","og_title":"Le\u00e1ny U12 2023\/2024 - Sz\u00e9k\u00e1cs KE","og_url":"http:\/\/szekacske.hu\/new\/leany-u12-2023-2024\/","og_site_name":"Sz\u00e9k\u00e1cs KE","og_image":[{"width":512,"height":512,"url":"http:\/\/szekacske.hu\/new\/wp-content\/uploads\/2019\/09\/cropped-szekacske.png","type":"image\/png"}],"twitter_card":"summary_large_image","schema":{"@context":"https:\/\/schema.org","@graph":[{"@type":"WebPage","@id":"http:\/\/szekacske.hu\/new\/leany-u12-2023-2024\/","url":"http:\/\/szekacske.hu\/new\/leany-u12-2023-2024\/","name":"Le\u00e1ny U12 2023\/2024 - Sz\u00e9k\u00e1cs KE","isPartOf":{"@id":"http:\/\/szekacske.hu\/new\/#website"},"datePublished":"2023-10-08T09:10:51+00:00","breadcrumb":{"@id":"http:\/\/szekacske.hu\/new\/leany-u12-2023-2024\/#breadcrumb"},"inLanguage":"hu","potentialAction":[{"@type":"ReadAction","target":["http:\/\/szekacske.hu\/new\/leany-u12-2023-2024\/"]}]},{"@type":"BreadcrumbList","@id":"http:\/\/szekacske.hu\/new\/leany-u12-2023-2024\/#breadcrumb","itemListElement":[{"@type":"ListItem","position":1,"name":"Kezd\u0151lap","item":"http:\/\/szekacske.hu\/new\/"},{"@type":"ListItem","position":2,"name":"Le\u00e1ny U12 2023\/2024"}]},{"@type":"WebSite","@id":"http:\/\/szekacske.hu\/new\/#website","url":"http:\/\/szekacske.hu\/new\/","name":"Sz\u00e9k\u00e1cs KE","description":"T\u00f6r\u00f6kszentmikl\u00f3si Sz\u00e9k\u00e1cs KE hivatalos honlapja","potentialAction":[{"@type":"SearchAction","target":{"@type":"EntryPoint","urlTemplate":"http:\/\/szekacske.hu\/new\/?s={search_term_string}"},"query-input":{"@type":"PropertyValueSpecification","valueRequired":true,"valueName":"search_term_string"}}],"inLanguage":"hu"}]}},"_links":{"self":[{"href":"http:\/\/szekacske.hu\/new\/wp-json\/wp\/v2\/pages\/2034","targetHints":{"allow":["GET"]}}],"collection":[{"href":"http:\/\/szekacske.hu\/new\/wp-json\/wp\/v2\/pages"}],"about":[{"href":"http:\/\/szekacske.hu\/new\/wp-json\/wp\/v2\/types\/page"}],"author":[{"embeddable":true,"href":"http:\/\/szekacske.hu\/new\/wp-json\/wp\/v2\/users\/3"}],"replies":[{"embeddable":true,"href":"http:\/\/szekacske.hu\/new\/wp-json\/wp\/v2\/comments?post=2034"}],"version-history":[{"count":1,"href":"http:\/\/szekacske.hu\/new\/wp-json\/wp\/v2\/pages\/2034\/revisions"}],"predecessor-version":[{"id":2035,"href":"http:\/\/szekacske.hu\/new\/wp-json\/wp\/v2\/pages\/2034\/revisions\/2035"}],"wp:attachment":[{"href":"http:\/\/szekacske.hu\/new\/wp-json\/wp\/v2\/media?parent=2034"}],"curies":[{"name":"wp","href":"https:\/\/api.w.org\/{rel}","templated":true}]}}